133101 a multiple of 70?
False
Does 4 divide 2763062?
False
Is 299749 a multiple of 28?
False
Is 664852 a multiple of 347?
True
Is 695786 a multiple of 14?
True
Does 313 divide 89999?
False
Is 1165266 a multiple of 81?
True
Does 16 divide 340724?
False
Is 27 a factor of 8494375?
False
Does 26 divide 2942966?
True
Is 18 a factor of 1184886?
True
Is 441 a factor of 1423107?
True
Is 6735504 a multiple of 39?
False
Does 17 divide 15923?
False
Is 72 a factor of 332476?
False
Is 87 a factor of 126701?
False
Does 26 divide 195676?
True
Is 48280 a multiple of 115?
False
Is 6539247 a multiple of 540?
False
Does 56 divide 138096?
True
Does 85 divide 621605?
True
Is 6 a factor of 11787444?
True
Is 66328 a multiple of 143?
False
Is 80 a factor of 1482011?
False
Is 4064895 a multiple of 9?
True
Is 14 a factor of 178276?
True
Is 61992 a multiple of 168?
True
Does 1583 divide 3865790?
False
Is 49 a factor of 685455?
False
Is 1491426 a multiple of 1167?
True
Is 155946 a multiple of 7?
True
Is 854900 a multiple of 332?
True
Is 19 a factor of 1482335?
False
Is 10 a factor of 38975?
False
Is 23513035 a multiple of 13?
True
Is 633 a factor of 3213108?
True
Does 11 divide 4168901?
True
Is 36 a factor of 187771?
False
Is 50 a factor of 1349700?
True
Does 16 divide 11312?
True
Does 877 divide 2040991?
False
Is 2 a factor of 10874?
True
Is 29640 a multiple of 285?
True
Does 83 divide 459954?
False
Does 6 divide 76078?
False
Does 242 divide 68519?
False
Is 53502 a multiple of 85?
False
Does 42 divide 29316?
True
Does 317 divide 7483102?
True
Is 11 a factor of 32109?
True
Is 10790277 a multiple of 25?
False
Is 177 a factor of 4220919?
True
Is 441351 a multiple of 551?
True
Does 178 divide 5527054?
False
Is 1790552 a multiple of 148?
False
Is 126 a factor of 806526?
True
Does 228 divide 2628132?
False
Is 133174 a multiple of 36?
False
Is 100 a factor of 167011?
False
Is 38 a factor of 114?
True
Is 383444 a multiple of 3?
False
Does 217 divide 837592?
False
Is 218331 a multiple of 51?
True
Is 9 a factor of 536?
False
Is 159762 a multiple of 9?
False
Is 4 a factor of 552340?
True
Is 31 a factor of 200260?
True
Is 735 a factor of 2520970?
False
Is 21809 a multiple of 20?
False
Does 310 divide 910470?
True
Is 836127 a multiple of 58?
False
Does 492 divide 1534056?
True
Is 1413788 a multiple of 24?
False
Is 350 a factor of 2732173?
False
Does 3 divide 7656?
True
Is 162 a factor of 435301?
False
Is 81 a factor of 134622?
True
Is 74 a factor of 23393768?
True
Is 86827 a multiple of 4?
False
Does 30 divide 47107?
False
Is 5 a factor of 152409?
False
Is 277030 a multiple of 13?
True
Is 72846 a multiple of 27?
True
Is 23 a factor of 6415976?
False
Does 24 divide 1991712?
True
Is 79 a factor of 467522?
True
Is 118539 a multiple of 22?
False
Is 13 a factor of 577557?
False
Does 21 divide 156834?
False
Is 7302 a multiple of 4?
False
Is 19 a factor of 3731996?
False
Is 4 a factor of 732647?
False
Is 23 a factor of 453054?
True
Does 77 divide 488999?
False
Is 215 a factor of 1679795?
True
Does 52 divide 92044?
False
Is 80 a factor of 91200?
True
Does 45 divide 136716?
False
Does 148 divide 532208?
True
Is 27 a factor of 59724?
True
Is 32 a factor of 92242?
False
Is 25 a factor of 893748?
False
Is 369936 a multiple of 18?
True
Is 216 a factor of 2957040?
True
Does 843 divide 616782?
False
Does 151 divide 1292560?
True
Is 167104 a multiple of 56?
True
Is 2515 even?
False
Is 23861 a multiple of 23?
False
Is 7 a factor of 17623?
False
Does 238 divide 1674891?
False
Does 7 divide 2003393?
True
Is 348820 a multiple of 107?
True
Does 65 divide 99557?
False
Is 157 a factor of 37366?
True
Is 8 a factor of 11745444?
False
Is 358639 a multiple of 7?
False
Is 111 a factor of 1049061?
True
Is 14 a factor of 220050?
False
Is 278355 a multiple of 68?
False
Does 6 divide 3156?
True
Is 308617 a multiple of 37?
True
Is 404 a factor of 1309324?
False
Is 119 a factor of 1140749?
False
Does 141 divide 3948?
True
Does 14 divide 89698?
True
Is 132944 a multiple of 28?
True
Is 17 a factor of 4367742?
True
Is 1286511 a multiple of 11?
False
Is 1181100 a multiple of 508?
True
Is 32 a factor of 143712?
True
Does 30 divide 306285?
False
Does 52 divide 24386412?
False
Is 15 a factor of 102435?
True
Is 863550 a multiple of 570?
True
Does 19 divide 56643?
False
Does 9 divide 257102?
False
Is 31328 a multiple of 44?
True
Does 47 divide 677527?
False
Is 1305196 a multiple of 126?
False
Is 93 a factor of 83421?
True
Is 8062650 a multiple of 779?
True
Is 13 a factor of 6648102?
False
Is 376 a factor of 622280?
True
Does 369 divide 54123?
False
Does 65 divide 127985?
True
Is 38 a factor of 110375?
False
Does 76 divide 1656390?
False
Is 36747115 a multiple of 55?
False
Is 211153 a multiple of 27?
False
Is 402 a factor of 2676296?
False
Is 2 a factor of 4052?
True
Is 18 a factor of 190650?
False
Does 51 divide 934677?
True
Is 121 a factor of 495374?
True
Is 6 a factor of 545284?
False
Is 17 a factor of 157221?
False
Does 241 divide 475464?
False
Does 674 divide 17110838?
True
Does 42 divide 1363992?
True
Does 12 divide 755223?
False
Is 65 a factor of 6542165?
False
Is 4 a factor of 184800?
True
Is 157 a factor of 184861?
False
Does 53 divide 842806?
True
Is 541177 a multiple of 91?
True
Is 671224 a multiple of 153?
False
Does 44 divide 177412?
False
Does 213 divide 8581566?
False
Is 451 a factor of 2815994?
False
Is 2 a factor of 3903?
False
Is 1256538 a multiple of 16?
False
Is 4 a factor of 682507?
False
Is 133798 a multiple of 133?
True
Is 1602170 a multiple of 53?
False
Does 28 divide 84194?
False
Does 19 divide 52592?
True
Does 19 divide 48356?
False
Is 129833 a multiple of 7?
False
Is 18 a factor of 91819?
False
Is 14699529 a multiple of 2504?
False
Does 233 divide 115568?
True
Is 16 a factor of 7623628?
False
Is 87 a factor of 1784010?
False
Is 302179 a multiple of 11?
False
Does 97 divide 98204?
False
Is 16 a factor of 244496?
True
Does 16 divide 568464?
True
Is 81390 a multiple of 9?
False
Does 22 divide 72028?
True
Is 8828 a multiple of 21?
False
Is 184356 a multiple of 89?
False
Is 61 a factor of 870230?
False
Does 62 divide 3401010?
True
Is 809 a factor of 544705?
False
Is 2063404 a multiple of 183?
False
Is 105170 a multiple of 130?
True
Does 412 divide 539224?
False
Is 1545922 even?
True
Is 23 a factor of 179262?
True
Is 7589252 a multiple of 22?
True
Does 18 divide 13950?
True
Is 108 a factor of 145499?
False
Does 731 divide 413015?
True
Is 88875 a multiple of 62?
False
Does 84 divide 14587189?
False
Does 9 divide 1417720?
False
Is 235 a factor of 130895?
True
Is 2498517 a multiple of 9?
True
Is 32431 even?
False
Is 43 a factor of 208887?
False
Is 19 a factor of 2968824?
False
Is 2828985 a multiple of 151?
True
Is 34 a factor of 350861?
False
Is 2 a factor of 202680?
True
Does 98 divide 95875?
False
Is 1907689 a multiple of 10?
False
Is 3538641 a multiple of 71?
False
Is 371 a factor of 543886?
True
Does 37 divide 6496275?
True
Does 1148 divide 4887036?
True
Does 200 divide 9592600?
True
Is 5077760 a multiple of 40?
True
Does 14 divide 144046?
True
Is 149 a factor of 5274898?
True
Is 4968 a multiple of 184?
True
Is 1326892 a multiple of 498?
False
Is 4833967 a multiple of 45?
False
Does 922 divide 6441092?
True
Is 203858 a multiple of 22?
False
Is 257 a factor of 4700787?
True
Is 46908 a multiple of 6?
True
Is 428 a factor of 2889856?
True
Is 377 a factor of 173797?
True
Does 134 divide 1218864?
True
Is 41 a factor of 335643?
False
Does 6 divide 7779048?
True
Is 3068417 a multiple of 11?
True
Does 173 divide 229280?
False
Does 14 divide 14286384?
True
Is 203224 a multiple of 16?
False
Is 416148 a multiple of 434?
False
Does 32 divide 1358112?
True
Is 9 a factor of 2917936?
False
Is 120105 a multiple of 5?
True
Is 150 a factor of 243099?
False
Is 5 a factor of 1051175?
True
Is 2 a factor of 22149?
False
Is 126 a factor of 1073398?
False
Does 12 divide 1669296?
True
Does 417 divide 2039130?
True
Is 25 a factor of 13591107?
False
Does 148 divide 3335032?
True
Is 40695 a multiple of 220?
False
Does 22 divide 231682?
True
Does 18 divide 18198?
True
Does 384 divide 6411264?
True
Is 731424 a multiple of 19?
True
Is 3253455 a multiple of 116?
False
Is 217398 a multiple of 172?
False
Is 373184 a multiple of 34?